Suppose -y*q - 364 = -1274. List the prime factors of q.
2, 7, 13
Suppose f + 2093 = -2*w - 186, -w + 5*f - 1112 = 0. List the prime factors of w/(-2) + 7 + 102/(-12).
3, 7
Let z(l) = -7*l**3 - 8*l**2 - 6*l - 6. Let j be z(-4). Let t = 97 + j. List the prime factors of t.
3, 5, 29
Suppose 25 = -b + 266. Suppose -917 = -4*o - b. What are the prime factors of 45435/o - 2/(-13)?
269
Let c be 1*-3*(3 + -2 + -2). Suppose 747 = c*j - 1068. List the prime factors of j.
5, 11
Let w = 18730 + 616. List the prime factors of w.
2, 17, 569
Let f(k) = -7*k**3 - 2*k + 1. Let l be f(1). Let a(r) = 2*r**2 + r - 12. Let b be a(l). Suppose 0*z - 4*z = -b. List the prime factors of z.
3
Let v(t) = 27*t**3 + 2*t**2 + 8*t - 3. Let b be (-111)/(-36) - (-1)/(-12). What are the prime factors of v(b)?
2, 3
Suppose -12*i + 7658 + 20878 = -37572. List the prime factors of i.
7, 787
List the prime factors of -4 + 3*172295/135 + (-2)/(-9).
3, 5, 17
Let o(g) = 89*g + 165. Let s be o(-5). Let i = s + 718. List the prime factors of i.
2, 3, 73
Suppose 5*x = -5*p + 400, -2*p - 50 + 130 = x. What are the prime factors of (x - (0 + 2)) + (-9 - -7)?
2, 19
Let q be ((-7)/(-2))/((-2)/4). Let l(p) = p**3 + 10*p**2 + 19*p - 12. List the prime factors of l(q).
2
Suppose 5*o = -4*i + 6*o + 13, -5*o - 33 = -4*i. Suppose 2*q + 7*g - 258 = 8*g, i*q = 3*g + 258. What are the prime factors of q?
3, 43
Let s(a) = a + 6. Let h be s(8). Suppose -5*p + h = 2*p. Suppose 0 = 3*n - 6, 0 = 2*q + p*q + n - 454. List the prime factors of q.
113
Let p = -12726 + 28408. List the prime factors of p.
2, 7841
Let s(c) be the second derivative of 9*c**5/20 - c**4/6 - 3*c**3/2 + 25*c**2/2 + 73*c - 1. What are the prime factors of s(2)?
71
Let v = -38431 + 38446. Let f(x) be the first derivative of 8*x**2 - 52*x + 1. What are the prime factors of f(v)?
2, 47
Suppose 47*i - 21*i - 3172 = 0. Let w be (-382)/6 + (-6)/(-9). Let o = i + w. List the prime factors of o.
59
Suppose -10 = -4*t + z, 6*z - 4 = -5*t + 3*z. Let u(v) = -34*v - 14 + 60*v + 10*v**t + 8. List the prime factors of u(-5).
2, 3, 19
Suppose 17*h - 1523 - 1112 = 0. Suppose 0 = r + 4*d - 63, 2*r + 5*d + h = 5*r. Suppose o - 48 = 3*b + r, 3*b = -3*o + 261. List the prime factors of o.
7, 13
Let q = -93 + 97. Suppose -45 - 3 = -q*b. Suppose 3*u + b = 0, -u + 228 = 4*x + 2*u. What are the prime factors of x?
2, 3, 5
Suppose 663 = -5*w + 678. Suppose -w*u - u + 3*y + 3176 = 0, -y + 3160 = 4*u. List the prime factors of u.
7, 113
Suppose 0 = f - 15 + 30. List the prime factors of f/(-10)*(520 - 2).
3, 7, 37
Let f(l) = -28*l**3 - 3*l**2 - 5*l + 2. Let y be f(-2). Suppose m - y - 369 = 0. List the prime factors of m.
593
Let h be ((-427)/(-14))/((-2)/(-244)). Suppose 0 = -5*t - h + 566. What are the prime factors of t/(-10) + 1/(-10)?
3, 7
Suppose 6*f - 7757 + 959 = 0. Suppose -1327 = -5*u + f. List the prime factors of u.
2, 3, 41
Suppose -25 = -5*q, -3*y - 5*q = -2*y - 28. Let j be -2*(y + -1 + -1). List the prime factors of j + ((-18)/(-8))/(24/512).
2, 23
Let n(s) = s**2 - 8*s + 162. What are the prime factors of n(13)?
227
Let f = -191 - -196. Suppose -f*q + 730 = 5*k, -4*q - 15 = -q. What are the prime factors of k?
151
Suppose 3*p + 4 = 4*m + 51, p = 2*m + 21. Let z(o) = -o**3 - 9*o**2 - 19*o + 11. What are the prime factors of z(m)?
3, 11
Let u = 31283 + -4526. List the prime factors of u.
3, 991
Let p = -1790 - -3600. What are the prime factors of p?
2, 5, 181
Suppose 4*w - h - 16 = 0, 5*h - 15 = w - 0*w. Suppose -2*s - 1050 = -w*s - z, 12 = -4*z. What are the prime factors of s?
3, 13
Let a be (3 - 12/(-4))/(6/32). Suppose 3*x - 34 - 8 = w, 2*w + a = 2*x. Suppose -x*z + 735 = -8*z. List the prime factors of z.
3, 7
What are the prime factors of 1220400/32 - -10 - 3/18*3?
37, 1031
Suppose -103*s + 1029480 = -11*s. What are the prime factors of s?
2, 3, 5, 373
Let y = 6151 + -2094. What are the prime factors of y?
4057
Let d(q) = -1261*q - 6822. List the prime factors of d(-29).
151, 197
Let z be (-2 + -3)/(2*(-6)/4788). Suppose 0 = -5*n - 0*c + c + z, 0 = -4*c + 20. What are the prime factors of n?
2, 5
Suppose -4191*y - 113582 = -4229*y. What are the prime factors of y?
7, 61
Suppose 0 = 2*i - 4*i - 13*i. Suppose -2*k + 27 = -11*k. What are the prime factors of 0/k*(i - 1) + 134?
2, 67
Let y(t) = 10*t + 27. Let p be y(14). Suppose -p - 163 = -5*o. Suppose -5*f + o - 41 = 0. List the prime factors of f.
5
Let q(u) = u**3 - 6*u**2 - 5*u + 1. Let k be q(8). Suppose 3*f - f + b = k, 0 = f - 2*b - 37. Suppose 0 = 40*i - f*i + 39. What are the prime factors of i?
13
Let a(v) = 5*v**2 - 2*v - 2. Let z be a(-1). Suppose -8*c + 3*c + 3*t + 1484 = 0, -1202 = -4*c - z*t. What are the prime factors of c?
2, 149
Let f be (4/(-10))/((-14)/(-24920)). List the prime factors of 70/(-28)*f/5.
2, 89
Suppose -11 = -24*j + 23*j - o, o = 5*j - 25. Suppose 5*k - c - 1290 = 0, 0 = -j*k + 3*k + 5*c + 752. List the prime factors of k.
7, 37
Suppose 8*w = 3*w + 1230. Suppose 5*m + z = 4*z + 369, -2*m + 140 = -5*z. Let u = w - m. What are the prime factors of u?
3, 19
Let f = 32990 - 19162. List the prime factors of f.
2, 3457
Let i be (3 - 16782/18)*15/(-10). Let v = -304 + i. List the prime factors of v.
2, 5, 109
Let m = -610 + 891. Let z = m + -38. List the prime factors of z.
3
List the prime factors of -708*(-12 - (-116)/12).
2, 7, 59
Let n be ((-4)/(24/735))/(10/(-20)). Let y = n + -131. What are the prime factors of y?
2, 3, 19
Let y be -4*(-4)/56*7. Suppose 0 = 4*m, y*m + 1941 = 3*k - 0*m. What are the prime factors of k?
647
What are the prime factors of 18633 + 336/(-16) + 10?
2, 9311
Suppose 11*d = 206510 - 69472. List the prime factors of d.
2, 6229
Suppose 4*l = 3*g + 2472 + 24895, -3*l - 7*g + 20553 = 0. List the prime factors of l.
2, 29, 59
Let h = 115 - 115. Suppose 6 = 3*p - h. Suppose p*b + 180 = 6*b. List the prime factors of b.
3, 5
Suppose -5*x - 246806 = -66*x. List the prime factors of x.
2, 7, 17
Let x(n) = 4*n**2 - 4*n - 37. Let j(l) = 7*l**2 - 7*l - 75. Let p(y) = 3*j(y) - 5*x(y). What are the prime factors of p(-7)?
2
Suppose 5*c = -2*a + 3997 + 4514, 0 = -3*a + 2*c + 12738. Suppose -7*v - v = -a. List the prime factors of v.
3, 59
Suppose -1 = -11*j + 12*j. Let l(z) = -205*z**3 - 2*z**2 - 2*z. What are the prime factors of l(j)?
5, 41
Let q(i) = -21 - i**3 + 25 + i + 9*i**2 + 4*i. Let n be q(10). Let p = n - -80. List the prime factors of p.
2, 17
List the prime factors of 108894/10 - ((-6)/10 + 1) - 0.
10889
Let c = 17625 + -5890. What are the prime factors of c?
5, 2347
List the prime factors of (-42)/48*8 + 34636.
3, 7, 17, 97
List the prime factors of 1014575/40 + (132/(-96) - -1).
2, 17, 373
Let h = -4 - -36. Let b = 32 - h. List the prime factors of (4 + b)*9/2.
2, 3
Let j(z) = 33*z**2 + 4*z + 2. Let b(s) = -20*s - 103. Let k be b(-5). List the prime factors of j(k).
7, 41
Let n(u) = 364*u**2 - 5*u - 14. List the prime factors of n(5).
13, 17, 41
Suppose 1175*v = 588*v + 583*v + 43700. List the prime factors of v.
5, 19, 23
Let x(y) be the second derivative of y**4/4 - 20*y**3/3 - 12*y**2 - 145*y. Let b = 9 + 8. What are the prime factors of x(b)?
163
What are the prime factors of (-410)/(-4)*(41150/125 + -26)?
2, 41, 379
Let x = -1 - 7. Let k = 24 - x. List the prime factors of 1166/26 - k/(-208).
3, 5
Suppose 2*d - 2231 = m - 589, -3*m + d - 4911 = 0. Let n = 2327 + m. What are the prime factors of n?
691
Let m(o) = -132*o + 76. Let p be m(-19). Suppose 2207 = 3*a - p. Suppose -7*b + 300 = -a. What are the prime factors of b?
271
Let u(b) = 8*b**3 + 9*b**2 - 3*b - 54. What are the prime factors of u(8)?
2, 2297
Suppose -35856 = -12*r - 4*r. List the prime factors of r.
3, 83
Let m(i) = -i**3 - 16*i**2 + 27*i + 22. Let h be m(-18). Suppose 4*a = -0*a + g + 753, 4*g - h = -a. List the prime factors of a.
2, 47
Let n(i) = 12*i - 43. Let x(c) = 11*c - 43. Let k = 13 + -16. Let o(w) = k*n(w) + 4*x(w). List the prime factors of o(8).
3, 7
List the prime factors of (-4 - 90/(-20))*16892.
2, 41, 103
Suppose -8*n + 2456 = -528. Suppose -4*h - n = -3*b + 102, -2*h - 8 = 0. List the prime factors of b.
3, 17
Let g(y) = -4*y**2 - 5*y - 26. Let r be g(-3). Let l = -42 - r. Suppose 5*o - 159 = -z, 5 = -0*o + l*o. List the prime factors of z.
